r of 84 and g?
28
Let s be (4/(-6)*63/28)/(3/(-212)). What is the greatest common factor of s and 6?
2
Let g be 26/4*((-605)/(-44) + 3/12). What is the greatest common factor of g and 2262?
13
Let z = -851 + 472. Let y = z - -479. What is the greatest common divisor of y and 4?
4
Let o(v) = -2*v**2 + 26*v - 39. Let m be o(11). Let k(b) = b**3 + 2 - 2*b**2 - 1 + 2*b - 2. Let d be k(m). Calculate the greatest common divisor of 12 and d.
12
Let g(c) = 17 - 4 - 3*c**2 + 4*c**2 + 11*c + 1. Let x be g(-11). Let z = -2846 + 2888. Calculate the greatest common factor of z and x.
14
Let p = -10170 + 11110. Calculate the greatest common divisor of 5405 and p.
235
Suppose o - 2*s = 3*o - 12, -5*o + 18 = s. Suppose 2*t + o*t - 203 = -4*w, 163 = 4*t + 3*w. Let r = t - 26. Calculate the highest common factor of 17 and r.
17
Let h(r) = -r**2 - 32*r + 262. Let d be h(-38). What is the highest common divisor of 34 and d?
34
Suppose 16*f = -527 - 145. Let u be (f/(-231) - (-94)/88)*24. What is the highest common factor of u and 35?
5
Let h be 582/776 - (1845/(-4) + -1 - 1). What is the highest common factor of h and 8?
8
Suppose k - 2*g - 10 = 0, 3*g + 792 - 756 = 3*k. What is the greatest common divisor of 259 and k?
7
Let p = 23 - 11. Suppose 4*f - 2360 = 4552. Suppose -25*a = 11*a - f. Calculate the greatest common divisor of p and a.
12
Suppose -5598 = 9*r - 6300. Calculate the highest common divisor of r and 5226.
78
Let y = -10587 - -11214. What is the highest common factor of y and 957?
33
Let h = 378 + -350. Suppose -14*a + h = -0*a. What is the greatest common factor of a and 62?
2
Let h be (-7 - 390/(-18))*543. What is the greatest common factor of 44 and h?
44
Let v(a) = -3*a - 18. Let t(n) = 7*n + 35. Let m(k) = -2*t(k) - 5*v(k). Let i be m(-6). Suppose i*f = 10*f + 36. What is the highest common divisor of 63 and f?
9
Let d = 18 + 3. Let u be 1/(6/5 + -1). Suppose -5*a + 1160 = u*y, -a - 110 = -2*y + 351. Calculate the highest common divisor of d and y.
21
Suppose -3*b = 5*h - 278, -3*b + 2*h = -0*b - 271. Let c = 90 - 51. Calculate the greatest common factor of c and b.
13
Suppose 2*k + q - 61 = 0, 3*k - 89 = -0*k - 2*q. Let h be (-4)/(4/2)*k/(-11). Calculate the greatest common divisor of 312 and h.
6
Let v(y) = -y**2 - 7*y - 16. Let x be v(-4). Let b be -6 + 1/(x/(-344)). What is the highest common factor of 20 and b?
20
Suppose 4*k = 5*k - 3. Suppose k*r + 27 = t, 5*r - t = 4*t - 35. Let g be (r/8)/((-9)/216). What is the highest common divisor of 12 and g?
6
Suppose -20*i - 222 = -252 - 530. Let q(n) = 13*n**2 - 3*n + 4. Let w be q(-4). What is the highest common factor of i and w?
28
Let d = -16995 + 20881. What is the highest common factor of d and 116?
58
Suppose -3*k + 297 = 4*o, 0 = 4*k + 6*o - 4*o - 376. What is the highest common divisor of 7371 and k?
91
Let m be 333/24 + 39/312. Let y = -2 - 2. Let u(f) = 4*f**2 - 2*f - 2. Let x be u(y). Calculate the highest common divisor of m and x.
14
Let c(n) = n**3 - 21*n**2 + 51*n + 44. Let s be c(22). What is the highest common divisor of s and 66?
66
Let x = -2317 + 4627. Calculate the highest common factor of x and 126.
42
Let q be ((-10)/2 - -22) + -11. What is the highest common divisor of q and 58?
2
Suppose 255*a = 269261 + 246349. Calculate the highest common divisor of a and 12.
6
Let j(c) = -c + 16. Let l be j(13). Suppose 0*m = -l*m + 42. Let r be (-16)/(-5)*35/m. What is the highest common divisor of r and 88?
8
Suppose 0 = -12*j + 2*j - 200. Let a be j/(-6)*30/10. What is the greatest common factor of a and 6?
2
Let a be (3/(-5) - (-909)/15)/((-273)/(-93548)). What is the highest common factor of 80 and a?
80
Let h(s) = 2*s**3 + 136*s**2 - s - 63. Let k be h(-68). What is the greatest common factor of k and 5?
5
Let z = -1032 + 1156. Let b be (-7)/(63/(-2)) - 1108/(-36). What is the highest common factor of b and z?
31
Let o = 1809 + -339. Calculate the highest common divisor of 30 and o.
30
Let w be ((-5)/30*-6)/(0 + 1). Let l be ((-3)/(-1) - 1)*(2 + w). Let p be 4/12 - (-118)/l. What is the greatest common divisor of 140 and p?
20
Suppose 454 + 876 = 19*t. Suppose -r = -15*r + t. Let p = -5 - -6. Calculate the greatest common factor of p and r.
1
Suppose 5*n + 665 = 745. Suppose -y = 68 + 77. Let q = -89 - y. Calculate the greatest common factor of n and q.
8
Let z = 327 - 165. Suppose z = 2*x + 470. Let y = -102 - x. What is the highest common factor of y and 52?
52
Let q(l) = 518*l**3 + 134*l - 135. Let m be q(1). What is the greatest common divisor of 99 and m?
11
Suppose 4*y + 3*w + 8482 = 0, -y - 1144 = -5*w + 965. Let n = -2106 - y. Suppose 343 = 3*a - 0*a - 2*o, -o = -4. What is the highest common divisor of a and n?
13
Suppose -5505 = 4*l - 20517. What is the highest common divisor of l and 27?
27
Let f(s) = s**3 - 10*s**2 + 2*s + 15. Let q be f(10). Let j = q + -26. Let x be (j - -21)*(1 - (-4 + 2)). Calculate the greatest common factor of 10 and x.
10
Suppose 6*t - 11 - 19 = 0. Let b be (0 - (t + -4)) + 111/3. Let u(a) = a**2 - 3*a - 1. Let h be u(5). Calculate the highest common factor of h and b.
9
Let s(c) = 119*c + 5. Let v be s(-1). Let b be v/21 - 8/14 - 0. Let q be (-3 + -7 + 4)/(b/21). What is the greatest common factor of q and 3?
3
Let b(p) = 2139*p**3 - p**2 - 4*p + 5. Let d be b(1). Calculate the highest common factor of d and 1116.
93
Let z = 2419 - 1882. Calculate the highest common factor of 6086 and z.
179
Let j be ((-8)/(-10))/((-18)/45) + 852. What is the greatest common divisor of j and 680?
170
Let b(i) = 2*i**3 + 7*i**2 - i - 8. Let m be b(-4). Let j be m/8*(-32)/10. Let q = -9 + 15. What is the highest common divisor of q and j?
2
Let k(x) = 2*x - 31. Let t be k(8). Let s be 725/4 - t/(-60). Suppose 0 = c + 3*n - 103, 2*n + 611 = 5*c + s. What is the highest common divisor of c and 11?
11
Let c = 51 + -15. Let m(s) = 21*s**2 + 325*s - 32. Let u be m(-16). What is the highest common factor of c and u?
36
Let d(f) = 907*f - 6309. Let l be d(7). Calculate the highest common factor of l and 6860.
20
Let t(r) = -4*r**3 - r**2 - 4*r - 3. Let k be t(-1). Let s = 33 - 30. Let g be (s - k)*-4 + 1. What is the highest common factor of g and 20?
5
Suppose 279 = 6*o - 585. Suppose 4*f - 40 = -5*u + 9*f, -4*u = -3*f - 33. Calculate the highest common divisor of u and o.
9
Let l(m) = -16*m + 3*m**2 - 2*m**2 + 6 + 0*m**2. Suppose -4*v + 44 = 4*c, -2*c - 15 = c. Let o be l(v). What is the highest common divisor of 42 and o?
6
Suppose 695 = 15*s + 185. Calculate the greatest common factor of 9197 and s.
17
Suppose -66*u + b = -69*u + 20, -u - 3*b + 4 = 0. Calculate the greatest common factor of 679 and u.
7
Suppose -32*k = 10*k + 14*k - 40992. What is the highest common divisor of k and 96?
12
Suppose -20*l + 5*r = -24*l - 6, r + 14 = -4*l. Let u be l/((-810)/110 + 7). Let a be 0 - (-100 - -1*1). Calculate the greatest common factor of u and a.
11
Suppose -13*d + 16 = -5*d. Let v be (1026/12)/(-3)*(d - 4). Calculate the greatest common factor of 19 and v.
19
Let o = 19 + -16. Let k(q) = -3 - q**2 - 3*q + 2 + 23*q - o. Let n be k(14). What is the highest common factor of 16 and n?
16
Let b(o) = 21*o + 5. Let s be b(3). Calculate the highest common divisor of 6664 and s.
68
Let l = 6 + -4. Suppose 3*j = -5*s + 8, 4 = 5*s + l*j - 8. Let r(t) = -9*t**2 + 352*t + 2888. Let f be r(46). What is the greatest common divisor of s and f?
4
Let j(v) = 2*v**2 - 160*v + 7403. Let m be j(85). Calculate the greatest common factor of 189 and m.
63
Suppose 0 = -3*g + 37 + 17. Let k be (-826)/(-9) - (-4)/g. Suppose -659*q + 1317*q = 655*q + 69. What is the greatest common factor of k and q?
23
Let y(n) = -n**2 - 4*n + 61. Let b be y(-10). Suppose 0*o - 24 = -3*o + 5*c, -3*o + 24 = 3*c. Calculate the greatest common divisor of o and b.
1
Let r be (57 + 3)*13/((-130)/(-60)). Calculate the highest common divisor of r and 57.
3
Let l be -12*2/8*-399. Suppose -147 + l = 6*r. Calculate the highest common divisor of 70 and r.
35
Suppose -80*u + 16*u = -47360. What is the greatest common factor of u and 120?
20
Suppose -5*o - 2*z + 29 = -299, 3*o - 2*z = 184. Suppose 472 = 3*w - 2*f, -3*w = f - 391 - 93. Calculate the highest common factor of w and o.
32
Let x = -120 + 103. Let v be -1 